{"id":23034,"date":"2026-08-28T18:01:31","date_gmt":"2026-08-28T21:01:31","guid":{"rendered":"https:\/\/retinacomunicacao.com\/impressos\/?post_type=product&#038;p=23034"},"modified":"2026-08-28T18:59:13","modified_gmt":"2026-08-28T21:59:13","slug":"sacola-de-tecido-personalizada","status":"publish","type":"product","link":"https:\/\/retinacomunicacao.com\/impressos\/sacola-de-tecido-personalizada\/","title":{"rendered":"Sacola de Tecido Personalizada"},"content":{"rendered":"<p class=\"retina-seo-intro\" data-retina-seo-version=\"1.3.1\"><strong>Sacola Tecido Personalizada<\/strong> \u00e9 produzido sob encomenda, com configura\u00e7\u00e3o clara e acompanhamento da Retina at\u00e9 o envio.<\/p>\n<h2>Personaliza\u00e7\u00e3o para sua marca ou projeto<\/h2>\n<p>Este produto \u00e9 produzido de acordo com as op\u00e7\u00f5es selecionadas no pedido. O configurador apresenta somente combina\u00e7\u00f5es dispon\u00edveis para produ\u00e7\u00e3o e atualiza o pre\u00e7o conforme a configura\u00e7\u00e3o e a tiragem.<\/p>\n<h3>Op\u00e7\u00f5es dispon\u00edveis<\/h3>\n<ul>\n<li><strong>Formato:<\/strong> 200x200mm, 250x200mm, 200x250mm, 250x250mm, 300x300mm, 350x350mm, 400x400mm, 300x250mm, 350x300mm, 450x350mm, 450x400mm, 250x300mm, 300x350mm, 350x450mm e 400x450mm.<\/li>\n<li><strong>Enobrecimento:<\/strong> Impress\u00e3o Ultra HD Sublim\u00e1tica.<\/li>\n<li><strong>Acabamento:<\/strong> Al\u00e7a Off White 35cm Comprimento, Al\u00e7a Preta 35cm Comprimento, Al\u00e7a Off White 40cm Comprimento e Al\u00e7a Preta 40cm Comprimento.<\/li>\n<li><strong>Material:<\/strong> Tecido Poli\u00e9ster 98g.<\/li>\n<li><strong>Cor de Impress\u00e3o:<\/strong> 4&#215;0 &#8211; Colorido Frente.<\/li>\n<li><strong>Prazo de produ\u00e7\u00e3o:<\/strong> 7 dias \u00fateis + frete Verifique as condi\u00e7\u00f5es de entrega.<\/li>\n<\/ul>\n<h3>Produ\u00e7\u00e3o e envio da arte<\/h3>\n<p>Selecione todas as op\u00e7\u00f5es e a quantidade para visualizar o pre\u00e7o correto. Antes da fabrica\u00e7\u00e3o, envie uma arte adequada e confira cuidadosamente textos, medidas e elementos visuais. O prazo de produ\u00e7\u00e3o come\u00e7a depois da confirma\u00e7\u00e3o do pagamento e da libera\u00e7\u00e3o da arte; o transporte \u00e9 calculado separadamente conforme o CEP e o volume do pedido.<\/p>\n<p><em>Imagens, quando exibidas, representam a configura\u00e7\u00e3o de refer\u00eancia. A personaliza\u00e7\u00e3o final seguir\u00e1 a arte aprovada e as op\u00e7\u00f5es escolhidas no pedido.<\/em><\/p>\n","protected":false},"excerpt":{"rendered":"<p>Produto personalizado produzido sob encomenda. Escolha formato e acabamento e quantidade. O pre\u00e7o \u00e9 atualizado automaticamente conforme as op\u00e7\u00f5es dispon\u00edveis.<\/p>\n","protected":false},"featured_media":23035,"comment_status":"open","ping_status":"closed","template":"","meta":[],"product_brand":[],"product_cat":[137],"product_tag":[],"class_list":["post-23034","product","type-product","status-publish","has-post-thumbnail","product_cat-sacolas-personalizadas","first","instock","shipping-taxable","purchasable","product-type-simple"],"_links":{"self":[{"href":"https:\/\/retinacomunicacao.com\/impressos\/wp-json\/wp\/v2\/product\/23034","targetHints":{"allow":["GET"]}}],"collection":[{"href":"https:\/\/retinacomunicacao.com\/impressos\/wp-json\/wp\/v2\/product"}],"about":[{"href":"https:\/\/retinacomunicacao.com\/impressos\/wp-json\/wp\/v2\/types\/product"}],"replies":[{"embeddable":true,"href":"https:\/\/retinacomunicacao.com\/impressos\/wp-json\/wp\/v2\/comments?post=23034"}],"wp:featuredmedia":[{"embeddable":true,"href":"https:\/\/retinacomunicacao.com\/impressos\/wp-json\/wp\/v2\/media\/23035"}],"wp:attachment":[{"href":"https:\/\/retinacomunicacao.com\/impressos\/wp-json\/wp\/v2\/media?parent=23034"}],"wp:term":[{"taxonomy":"product_brand","embeddable":true,"href":"https:\/\/retinacomunicacao.com\/impressos\/wp-json\/wp\/v2\/product_brand?post=23034"},{"taxonomy":"product_cat","embeddable":true,"href":"https:\/\/retinacomunicacao.com\/impressos\/wp-json\/wp\/v2\/product_cat?post=23034"},{"taxonomy":"product_tag","embeddable":true,"href":"https:\/\/retinacomunicacao.com\/impressos\/wp-json\/wp\/v2\/product_tag?post=23034"}],"curies":[{"name":"wp","href":"https:\/\/api.w.org\/{rel}","templated":true}]}}

<p class="retina-seo-intro" data-retina-seo-version="1.3.1"><strong>Sacola Tecido Personalizada</strong> é produzido sob encomenda, com configuração clara e acompanhamento da Retina até o envio.</p>
<h2>Personalização para sua marca ou projeto</h2>
<p>Este produto é produzido de acordo com as opções selecionadas no pedido. O configurador apresenta somente combinações disponíveis para produção e atualiza o preço conforme a configuração e a tiragem.</p>
<h3>Opções disponíveis</h3>
<ul>
<li><strong>Formato:</strong> 200x200mm, 250x200mm, 200x250mm, 250x250mm, 300x300mm, 350x350mm, 400x400mm, 300x250mm, 350x300mm, 450x350mm, 450x400mm, 250x300mm, 300x350mm, 350x450mm e 400x450mm.</li>
<li><strong>Enobrecimento:</strong> Impressão Ultra HD Sublimática.</li>
<li><strong>Acabamento:</strong> Alça Off White 35cm Comprimento, Alça Preta 35cm Comprimento, Alça Off White 40cm Comprimento e Alça Preta 40cm Comprimento.</li>
<li><strong>Material:</strong> Tecido Poliéster 98g.</li>
<li><strong>Cor de Impressão:</strong> 4&#215;0 &#8211; Colorido Frente.</li>
<li><strong>Prazo de produção:</strong> 7 dias úteis + frete Verifique as condições de entrega.</li>
</ul>
<h3>Produção e envio da arte</h3>
<p>Selecione todas as opções e a quantidade para visualizar o preço correto. Antes da fabricação, envie uma arte adequada e confira cuidadosamente textos, medidas e elementos visuais. O prazo de produção começa depois da confirmação do pagamento e da liberação da arte; o transporte é calculado separadamente conforme o CEP e o volume do pedido.</p>
<p><em>Imagens, quando exibidas, representam a configuração de referência. A personalização final seguirá a arte aprovada e as opções escolhidas no pedido.</em></p>

<p>Produto personalizado produzido sob encomenda. Escolha formato e acabamento e quantidade. O preço é atualizado automaticamente conforme as opções disponíveis.</p>
